{"id":444,"date":"2017-02-16T13:27:51","date_gmt":"2017-02-16T12:27:51","guid":{"rendered":"http:\/\/lacentraleinternationalschool.com\/primary-section\/"},"modified":"2023-07-19T13:48:13","modified_gmt":"2023-07-19T11:48:13","slug":"section-primaire","status":"publish","type":"page","link":"http:\/\/lacentraleinternationalschool.com\/fr\/section-primaire\/","title":{"rendered":"Section primaire"},"content":{"rendered":"<p>[vc_row][vc_column width=\u00a0\u00bb1\/3&Prime;][vc_custom_heading text=\u00a0\u00bbClasses primaires\u00a0\u00bb font_container=\u00a0\u00bbtag:h1|text_align:left\u00a0\u00bb use_theme_fonts=\u00a0\u00bbyes\u00a0\u00bb css=\u00a0\u00bb.vc_custom_1689767079472{margin-top: 0px !important;margin-bottom: 20px !important;}\u00a0\u00bb][vc_column_text]Ce programme est destin\u00e9 aux apprenants \u00e2g\u00e9s de 5 \u00e0 10 ans. Notre programme \u00e9l\u00e9mentaire s&rsquo;\u00e9tend de la SIL (Grade 1) au CM2 (Grade 6).<\/p>\n<p>Nos apprenants re\u00e7oivent\u00a0: des le\u00e7ons de base, telles que les math\u00e9matiques, les langues (langue fran\u00e7aise, langue anglaise), les sciences, les \u00e9tudes sociales, les TIC, les arts et l&rsquo;artisanat, l&rsquo;EPS\u00a0; et des le\u00e7ons suppl\u00e9mentaires telles que des cours de biblioth\u00e8que, les premiers secours, les langues \u00e9trang\u00e8res et la peinture.<\/p>\n<p>Notre \u00e9cole estouverte du lundi au vendredi.<\/p>\n<p>Les cours d\u00e9butent de 7h30 \u00e0 15h30, \u00e0 l\u2019exception des mercredis et vendredis r\u00e9serv\u00e9s aux activit\u00e9s p\u00e9riscolaires.[\/vc_column_text][\/vc_column][vc_column width=\u00a0\u00bb1\/2&Prime; css=\u00a0\u00bb.vc_custom_1689766885407{border-bottom-width: -5px !important;}\u00a0\u00bb][vc_single_image image=\u00a0\u00bb577&Prime; img_size=\u00a0\u00bblarge\u00a0\u00bb css=\u00a0\u00bb.vc_custom_1689766773875{border-bottom-width: 10px !important;}\u00a0\u00bb][\/vc_column][\/vc_row][vc_row css=\u00a0\u00bb.vc_custom_1620057211293{padding-top: 50px !important;}\u00a0\u00bb][vc_column width=\u00a0\u00bb1\/3&Prime;][vc_custom_heading text=\u00a0\u00bbActivit\u00e9s p\u00e9riscolaires\u00a0\u00bb font_container=\u00a0\u00bbtag:h1|text_align:left\u00a0\u00bb use_theme_fonts=\u00a0\u00bbyes\u00a0\u00bb css=\u00a0\u00bb.vc_custom_1621869884156{margin-top: 0px !important;margin-bottom: 20px !important;}\u00a0\u00bb][vc_column_text]\u00c0 LCBS, parce que les activit\u00e9s parascolaires font partie de notre projet global, elles sont propos\u00e9es \u00e0 tous les enfants pour leur r\u00e9ussite et leur d\u00e9veloppement.<\/p>\n<p>Vous trouverez ci-dessous la liste des activit\u00e9s dans lesquelles nos \u00e9tudiants peuvent s\u2019engager, toutes incluses dans les frais de scolarit\u00e9\u00a0:<\/p>\n<ul>\n<li>Sports d&rsquo;int\u00e9rieur<\/li>\n<li>Mini-gym<\/li>\n<li>Taekwondo<\/li>\n<li>Karat\u00e9<\/li>\n<li>Club de biblioth\u00e8que<\/li>\n<li>Club chinois mandarin<\/li>\n<li>Arts et artisanat<\/li>\n<li>Ballet<\/li>\n<li>Gouvernement des \u00e9l\u00e8ves<\/li>\n<li>Agriculture<\/li>\n<li>Service d&rsquo;assistance<\/li>\n<li>Psychologie scolaire<\/li>\n<\/ul>\n<p>[\/vc_column_text][\/vc_column][vc_column width=\u00a0\u00bb1\/2&Prime;][vc_single_image image=\u00a0\u00bb565&Prime; img_size=\u00a0\u00bbfull\u00a0\u00bb][\/vc_column][\/vc_row]<\/p>\n","protected":false},"excerpt":{"rendered":"<p>[vc_row][vc_column width=\u00a0\u00bb1\/3&Prime;][vc_custom_heading text=\u00a0\u00bbClasses primaires\u00a0\u00bb font_container=\u00a0\u00bbtag:h1|text_align:left\u00a0\u00bb use_theme_fonts=\u00a0\u00bbyes\u00a0\u00bb css=\u00a0\u00bb.vc_custom_1689767079472{margin-top: 0px !important;margin-bottom: 20px !important;}\u00a0\u00bb][vc_column_text]Ce programme est destin\u00e9 aux apprenants \u00e2g\u00e9s de 5 \u00e0 10 ans. Notre programme \u00e9l\u00e9mentaire s&rsquo;\u00e9tend de la SIL (Grade 1) au CM2 (Grade 6). Nos apprenants re\u00e7oivent\u00a0: des le\u00e7ons&nbsp;<a href=\"http:\/\/lacentraleinternationalschool.com\/fr\/section-primaire\/\">&hellip;<\/a><\/p>\n","protected":false},"author":1,"featured_media":0,"parent":0,"menu_order":3,"comment_status":"closed","ping_status":"closed","template":"template-fullwidth.php","meta":{"ngg_post_thumbnail":0,"footnotes":""},"class_list":["post-444","page","type-page","status-publish","hentry","odd"],"yoast_head":"<!-- This site is optimized with the Yoast SEO plugin v22.8 - https:\/\/yoast.com\/wordpress\/plugins\/seo\/ -->\n<title>Section primaire - Lacentrale Bilingual International School<\/title>\n<meta name=\"robots\" content=\"index, follow, max-snippet:-1, max-image-preview:large, max-video-preview:-1\" \/>\n<link rel=\"canonical\" href=\"https:\/\/lacentraleinternationalschool.com\/fr\/section-primaire\/\" \/>\n<meta property=\"og:locale\" content=\"fr_FR\" \/>\n<meta property=\"og:type\" content=\"article\" \/>\n<meta property=\"og:title\" content=\"Section primaire - Lacentrale Bilingual International School\" \/>\n<meta property=\"og:description\" content=\"[vc_row][vc_column width=\u00a0\u00bb1\/3&Prime;][vc_custom_heading text=\u00a0\u00bbClasses primaires\u00a0\u00bb font_container=\u00a0\u00bbtag:h1|text_align:left\u00a0\u00bb use_theme_fonts=\u00a0\u00bbyes\u00a0\u00bb css=\u00a0\u00bb.vc_custom_1689767079472{margin-top: 0px !important;margin-bottom: 20px !important;}\u00a0\u00bb][vc_column_text]Ce programme est destin\u00e9 aux apprenants \u00e2g\u00e9s de 5 \u00e0 10 ans. Notre programme \u00e9l\u00e9mentaire s&rsquo;\u00e9tend de la SIL (Grade 1) au CM2 (Grade 6). Nos apprenants re\u00e7oivent\u00a0: des le\u00e7ons&nbsp;&hellip;\" \/>\n<meta property=\"og:url\" content=\"https:\/\/lacentraleinternationalschool.com\/fr\/section-primaire\/\" \/>\n<meta property=\"og:site_name\" content=\"Lacentrale Bilingual International School\" \/>\n<meta property=\"article:modified_time\" content=\"2023-07-19T11:48:13+00:00\" \/>\n<meta name=\"twitter:card\" content=\"summary_large_image\" \/>\n<meta name=\"twitter:label1\" content=\"Dur\u00e9e de lecture estim\u00e9e\" \/>\n\t<meta name=\"twitter:data1\" content=\"2 minutes\" \/>\n<script type=\"application\/ld+json\" class=\"yoast-schema-graph\">{\"@context\":\"https:\/\/schema.org\",\"@graph\":[{\"@type\":\"WebPage\",\"@id\":\"https:\/\/lacentraleinternationalschool.com\/fr\/section-primaire\/\",\"url\":\"https:\/\/lacentraleinternationalschool.com\/fr\/section-primaire\/\",\"name\":\"Section primaire - Lacentrale Bilingual International School\",\"isPartOf\":{\"@id\":\"http:\/\/lacentraleinternationalschool.com\/#website\"},\"datePublished\":\"2017-02-16T12:27:51+00:00\",\"dateModified\":\"2023-07-19T11:48:13+00:00\",\"breadcrumb\":{\"@id\":\"https:\/\/lacentraleinternationalschool.com\/fr\/section-primaire\/#breadcrumb\"},\"inLanguage\":\"fr-FR\",\"potentialAction\":[{\"@type\":\"ReadAction\",\"target\":[\"https:\/\/lacentraleinternationalschool.com\/fr\/section-primaire\/\"]}]},{\"@type\":\"BreadcrumbList\",\"@id\":\"https:\/\/lacentraleinternationalschool.com\/fr\/section-primaire\/#breadcrumb\",\"itemListElement\":[{\"@type\":\"ListItem\",\"position\":1,\"name\":\"Home\",\"item\":\"https:\/\/lacentraleinternationalschool.com\/fr\/\"},{\"@type\":\"ListItem\",\"position\":2,\"name\":\"Section primaire\"}]},{\"@type\":\"WebSite\",\"@id\":\"http:\/\/lacentraleinternationalschool.com\/#website\",\"url\":\"http:\/\/lacentraleinternationalschool.com\/\",\"name\":\"Lacentrale Bilingual International School\",\"description\":\"Welcome to LCBIS\",\"potentialAction\":[{\"@type\":\"SearchAction\",\"target\":{\"@type\":\"EntryPoint\",\"urlTemplate\":\"http:\/\/lacentraleinternationalschool.com\/?s={search_term_string}\"},\"query-input\":\"required name=search_term_string\"}],\"inLanguage\":\"fr-FR\"}]}<\/script>\n<!-- \/ Yoast SEO plugin. -->","yoast_head_json":{"title":"Section primaire - Lacentrale Bilingual International School","robots":{"index":"index","follow":"follow","max-snippet":"max-snippet:-1","max-image-preview":"max-image-preview:large","max-video-preview":"max-video-preview:-1"},"canonical":"https:\/\/lacentraleinternationalschool.com\/fr\/section-primaire\/","og_locale":"fr_FR","og_type":"article","og_title":"Section primaire - Lacentrale Bilingual International School","og_description":"[vc_row][vc_column width=\u00a0\u00bb1\/3&Prime;][vc_custom_heading text=\u00a0\u00bbClasses primaires\u00a0\u00bb font_container=\u00a0\u00bbtag:h1|text_align:left\u00a0\u00bb use_theme_fonts=\u00a0\u00bbyes\u00a0\u00bb css=\u00a0\u00bb.vc_custom_1689767079472{margin-top: 0px !important;margin-bottom: 20px !important;}\u00a0\u00bb][vc_column_text]Ce programme est destin\u00e9 aux apprenants \u00e2g\u00e9s de 5 \u00e0 10 ans. Notre programme \u00e9l\u00e9mentaire s&rsquo;\u00e9tend de la SIL (Grade 1) au CM2 (Grade 6). Nos apprenants re\u00e7oivent\u00a0: des le\u00e7ons&nbsp;&hellip;","og_url":"https:\/\/lacentraleinternationalschool.com\/fr\/section-primaire\/","og_site_name":"Lacentrale Bilingual International School","article_modified_time":"2023-07-19T11:48:13+00:00","twitter_card":"summary_large_image","twitter_misc":{"Dur\u00e9e de lecture estim\u00e9e":"2 minutes"},"schema":{"@context":"https:\/\/schema.org","@graph":[{"@type":"WebPage","@id":"https:\/\/lacentraleinternationalschool.com\/fr\/section-primaire\/","url":"https:\/\/lacentraleinternationalschool.com\/fr\/section-primaire\/","name":"Section primaire - Lacentrale Bilingual International School","isPartOf":{"@id":"http:\/\/lacentraleinternationalschool.com\/#website"},"datePublished":"2017-02-16T12:27:51+00:00","dateModified":"2023-07-19T11:48:13+00:00","breadcrumb":{"@id":"https:\/\/lacentraleinternationalschool.com\/fr\/section-primaire\/#breadcrumb"},"inLanguage":"fr-FR","potentialAction":[{"@type":"ReadAction","target":["https:\/\/lacentraleinternationalschool.com\/fr\/section-primaire\/"]}]},{"@type":"BreadcrumbList","@id":"https:\/\/lacentraleinternationalschool.com\/fr\/section-primaire\/#breadcrumb","itemListElement":[{"@type":"ListItem","position":1,"name":"Home","item":"https:\/\/lacentraleinternationalschool.com\/fr\/"},{"@type":"ListItem","position":2,"name":"Section primaire"}]},{"@type":"WebSite","@id":"http:\/\/lacentraleinternationalschool.com\/#website","url":"http:\/\/lacentraleinternationalschool.com\/","name":"Lacentrale Bilingual International School","description":"Welcome to LCBIS","potentialAction":[{"@type":"SearchAction","target":{"@type":"EntryPoint","urlTemplate":"http:\/\/lacentraleinternationalschool.com\/?s={search_term_string}"},"query-input":"required name=search_term_string"}],"inLanguage":"fr-FR"}]}},"_links":{"self":[{"href":"http:\/\/lacentraleinternationalschool.com\/fr\/wp-json\/wp\/v2\/pages\/444","targetHints":{"allow":["GET"]}}],"collection":[{"href":"http:\/\/lacentraleinternationalschool.com\/fr\/wp-json\/wp\/v2\/pages"}],"about":[{"href":"http:\/\/lacentraleinternationalschool.com\/fr\/wp-json\/wp\/v2\/types\/page"}],"author":[{"embeddable":true,"href":"http:\/\/lacentraleinternationalschool.com\/fr\/wp-json\/wp\/v2\/users\/1"}],"replies":[{"embeddable":true,"href":"http:\/\/lacentraleinternationalschool.com\/fr\/wp-json\/wp\/v2\/comments?post=444"}],"version-history":[{"count":5,"href":"http:\/\/lacentraleinternationalschool.com\/fr\/wp-json\/wp\/v2\/pages\/444\/revisions"}],"predecessor-version":[{"id":680,"href":"http:\/\/lacentraleinternationalschool.com\/fr\/wp-json\/wp\/v2\/pages\/444\/revisions\/680"}],"wp:attachment":[{"href":"http:\/\/lacentraleinternationalschool.com\/fr\/wp-json\/wp\/v2\/media?parent=444"}],"curies":[{"name":"wp","href":"https:\/\/api.w.org\/{rel}","templated":true}]}}

<p>[vc_row][vc_column width= »1/3&Prime;][vc_custom_heading text= »Classes primaires » font_container= »tag:h1|text_align:left » use_theme_fonts= »yes » css= ».vc_custom_1689767079472{margin-top: 0px !important;margin-bottom: 20px !important;} »][vc_column_text]Ce programme est destiné aux apprenants âgés de 5 à 10 ans. Notre programme élémentaire s&rsquo;étend de la SIL (Grade 1) au CM2 (Grade 6).</p>
<p>Nos apprenants reçoivent : des leçons de base, telles que les mathématiques, les langues (langue française, langue anglaise), les sciences, les études sociales, les TIC, les arts et l&rsquo;artisanat, l&rsquo;EPS ; et des leçons supplémentaires telles que des cours de bibliothèque, les premiers secours, les langues étrangères et la peinture.</p>
<p>Notre école estouverte du lundi au vendredi.</p>
<p>Les cours débutent de 7h30 à 15h30, à l’exception des mercredis et vendredis réservés aux activités périscolaires.[/vc_column_text][/vc_column][vc_column width= »1/2&Prime; css= ».vc_custom_1689766885407{border-bottom-width: -5px !important;} »][vc_single_image image= »577&Prime; img_size= »large » css= ».vc_custom_1689766773875{border-bottom-width: 10px !important;} »][/vc_column][/vc_row][vc_row css= ».vc_custom_1620057211293{padding-top: 50px !important;} »][vc_column width= »1/3&Prime;][vc_custom_heading text= »Activités périscolaires » font_container= »tag:h1|text_align:left » use_theme_fonts= »yes » css= ».vc_custom_1621869884156{margin-top: 0px !important;margin-bottom: 20px !important;} »][vc_column_text]À LCBS, parce que les activités parascolaires font partie de notre projet global, elles sont proposées à tous les enfants pour leur réussite et leur développement.</p>
<p>Vous trouverez ci-dessous la liste des activités dans lesquelles nos étudiants peuvent s’engager, toutes incluses dans les frais de scolarité :</p>
<ul>
<li>Sports d&rsquo;intérieur</li>
<li>Mini-gym</li>
<li>Taekwondo</li>
<li>Karaté</li>
<li>Club de bibliothèque</li>
<li>Club chinois mandarin</li>
<li>Arts et artisanat</li>
<li>Ballet</li>
<li>Gouvernement des élèves</li>
<li>Agriculture</li>
<li>Service d&rsquo;assistance</li>
<li>Psychologie scolaire</li>
</ul>
<p>[/vc_column_text][/vc_column][vc_column width= »1/2&Prime;][vc_single_image image= »565&Prime; img_size= »full »][/vc_column][/vc_row]</p>

<p>[vc_row][vc_column width= »1/3&Prime;][vc_custom_heading text= »Classes primaires » font_container= »tag:h1|text_align:left » use_theme_fonts= »yes » css= ».vc_custom_1689767079472{margin-top: 0px !important;margin-bottom: 20px !important;} »][vc_column_text]Ce programme est destiné aux apprenants âgés de 5 à 10 ans. Notre programme élémentaire s&rsquo;étend de la SIL (Grade 1) au CM2 (Grade 6). Nos apprenants reçoivent : des leçons&nbsp;<a href="http://lacentraleinternationalschool.com/fr/section-primaire/">&hellip;</a></p>

<!-- This site is optimized with the Yoast SEO plugin v22.8 - https://yoast.com/wordpress/plugins/seo/ -->
<title>Section primaire - Lacentrale Bilingual International School</title>
<meta name="robots" content="index, follow, max-snippet:-1, max-image-preview:large, max-video-preview:-1" />
<link rel="canonical" href="https://lacentraleinternationalschool.com/fr/section-primaire/" />
<meta property="og:locale" content="fr_FR" />
<meta property="og:type" content="article" />
<meta property="og:title" content="Section primaire - Lacentrale Bilingual International School" />
<meta property="og:description" content="[vc_row][vc_column width= »1/3&Prime;][vc_custom_heading text= »Classes primaires » font_container= »tag:h1|text_align:left » use_theme_fonts= »yes » css= ».vc_custom_1689767079472{margin-top: 0px !important;margin-bottom: 20px !important;} »][vc_column_text]Ce programme est destiné aux apprenants âgés de 5 à 10 ans. Notre programme élémentaire s&rsquo;étend de la SIL (Grade 1) au CM2 (Grade 6). Nos apprenants reçoivent : des leçons&nbsp;&hellip;" />
<meta property="og:url" content="https://lacentraleinternationalschool.com/fr/section-primaire/" />
<meta property="og:site_name" content="Lacentrale Bilingual International School" />
<meta property="article:modified_time" content="2023-07-19T11:48:13+00:00" />
<meta name="twitter:card" content="summary_large_image" />
<meta name="twitter:label1" content="Durée de lecture estimée" />
	<meta name="twitter:data1" content="2 minutes" />
<script type="application/ld+json" class="yoast-schema-graph">{"@context":"https://schema.org","@graph":[{"@type":"WebPage","@id":"https://lacentraleinternationalschool.com/fr/section-primaire/","url":"https://lacentraleinternationalschool.com/fr/section-primaire/","name":"Section primaire - Lacentrale Bilingual International School","isPartOf":{"@id":"http://lacentraleinternationalschool.com/#website"},"datePublished":"2017-02-16T12:27:51+00:00","dateModified":"2023-07-19T11:48:13+00:00","breadcrumb":{"@id":"https://lacentraleinternationalschool.com/fr/section-primaire/#breadcrumb"},"inLanguage":"fr-FR","potentialAction":[{"@type":"ReadAction","target":["https://lacentraleinternationalschool.com/fr/section-primaire/"]}]},{"@type":"BreadcrumbList","@id":"https://lacentraleinternationalschool.com/fr/section-primaire/#breadcrumb","itemListElement":[{"@type":"ListItem","position":1,"name":"Home","item":"https://lacentraleinternationalschool.com/fr/"},{"@type":"ListItem","position":2,"name":"Section primaire"}]},{"@type":"WebSite","@id":"http://lacentraleinternationalschool.com/#website","url":"http://lacentraleinternationalschool.com/","name":"Lacentrale Bilingual International School","description":"Welcome to LCBIS","potentialAction":[{"@type":"SearchAction","target":{"@type":"EntryPoint","urlTemplate":"http://lacentraleinternationalschool.com/?s={search_term_string}"},"query-input":"required name=search_term_string"}],"inLanguage":"fr-FR"}]}</script>
<!-- / Yoast SEO plugin. -->

[vc_row][vc_column width= »1/3&Prime;][vc_custom_heading text= »Classes primaires » font_container= »tag:h1|text_align:left » use_theme_fonts= »yes » css= ».vc_custom_1689767079472{margin-top: 0px !important;margin-bottom: 20px !important;} »][vc_column_text]Ce programme est destiné aux apprenants âgés de 5 à 10 ans. Notre programme élémentaire s&rsquo;étend de la SIL (Grade 1) au CM2 (Grade 6). Nos apprenants reçoivent : des leçons&nbsp;&hellip;
